2*d**2 + 15*d + 31. Let n(u) = 2*i(u) - 7*q(u). Determine n(6).
-2
Let j(i) be the first derivative of -i**2/2 - i + 1. Let k be 5/(-10)*8 + 4. Suppose k*b + b = 5*w + 8, 3*b - 5*w = 14. Determine j(b).
-4
Let d(r) be the first derivative of -2/3*r**3 - 1/4*r**4 - 4*r - 3 + 1/2*r**2. What is d(-3)?
2
Let l be (-66)/14 + (-6)/21. Let q be 0 + -1 + -3 - -4. Let s(y) = -5*y - 101*y**2 + q*y + y + 100*y**2. Give s(l).
-5
Let t(a) = -2*a - 4. Let f be 96/(-42) + -2*2/(-14). Let v(x) = x - 1. Let u be v(4). Let y be 1 - (u + -1 - f). Calculate t(y).
2
Let d be (-16)/(-9) - 2 - (-261)/81. Suppose -2*z - 2*z - d*n = -4, -4*n + 16 = 0. Let p(a) = -a**3 - 2*a**2 - 2*a - 1. Calculate p(z).
3
Let d(w) be the first derivative of -w**4/4 + 5*w**3/3 - 2*w**2 + 2*w + 1001. What is d(4)?
2
Let k(m) be the third derivative of -m**5/60 - m**4/3 + m**3/2 + m**2 - 46. Determine k(-6).
15
Suppose 9 = 5*f - 2*f. Let v(m) = -14*m**3 + 15*m**3 - 2*m**2 - 2*m**2 - f*m + 3. Let u = 1 + 3. Give v(u).
-9
Suppose 0 = l - 2 - 4. Suppose -l*b - 14 = b. Let h(i) = 5*i - 1. Let p(t) = 6*t - 1. Let n(x) = -7*h(x) + 6*p(x). Give n(b).
-1
Let u be (-4)/(-3)*30/(-20). Let c be 0/(u - (-3)/3). Let q(x) = -3*x**2 - 2 - x**3 - 2*x + 0*x**2 + c*x**2. Calculate q(-2).
-2
Let y be 2*4/(-32) - (-42)/8. Let j(m) = 4*m + 0*m - m - y*m - 2. Give j(-5).
8
Let c be 2/5*-9*60/(-36). Let o(x) = -c*x + 7*x - 3 + x + 5. Calculate o(5).
12
Let s(o) be the second derivative of o**6/720 - o**5/120 - 11*o**4/12 + 49*o. Let p(g) be the third derivative of s(g). What is p(7)?
6
Suppose -1 + 5 = 4*j. Let c(z) = -47*z**2 + 20*z**2 + 28*z**2. What is c(j)?
1
Let y(u) = 7*u**3 + 12*u**2 + 29*u + 15. Let o(v) = 4*v**3 + 6*v**2 + 17*v + 7. Let k(h) = 5*o(h) - 3*y(h). Calculate k(-7).
53
Let c(d) = -d**2 + 4*d + 1. Let x = -6 + 2. Let v = x - 14. Let o = v - -22. Determine c(o).
1
Let a(d) = -11*d + 3. Let h be a(3). Let i be (h/20)/((-2)/12). Suppose i*o - 39 = -3. Let p(k) = 3*k + 1. Calculate p(o).
13
Let x = 35 - 38. Let z(u) = 1 - 737*u - 735*u + 1470*u. What is z(x)?
7
Suppose -8 = -11*y + 10*y. Let k(l) = -26*l + 61*l - 34*l - 4. Determine k(y).
4
Let t(c) be the first derivative of -7/3*c**3 + 2 + 0*c - 5/2*c**2 - 1/4*c**4. Determine t(-6).
-6
Let j(k) = -6*k - 6. Let o be j(-4). Let g(f) = -f**2 - 7 + 10*f + 13*f - o*f + 4*f. Calculate g(6).
11
Let j = 17 + 9. Let i = -27 + j. Let k(o) = -7*o. Calculate k(i).
7
Let a(o) = 16*o - 81. Let y be a(5). Let g(s) = s + 1 + 0*s + 5. Let m(l) = -1. Let r(v) = y*m(v) + g(v). Determine r(-6).
1
Let t(d) = -d**2. Let n be t(1). Suppose -6*y + 26 = -4*y. Let w(a) = 1 - 32*a**3 - a**2 + a + y*a**3 + 10*a**3. Calculate w(n).
8
Let f be 4*(5 + 132/(-48)). Let l(w) = -3*w + 29. What is l(f)?
2
Let p = -46 - -74. Suppose 6*q - p = -q. Let y(j) = -6*j - 3 + 3*j**2 + j - 2*j**2. Give y(q).
-7
Let z = 0 + -1. Let q(y) = -49*y + 20*y - 1 + 3*y**2 + 29*y. Give q(z).
2
Let d(j) = j**2 - 5*j + 4. Let u(b) = 1 - 2*b + 5*b - 6*b. Let x be u(-1). Suppose x*k - 2*k + q - 10 = 0, -5*q = -k + 5. Calculate d(k).
4
Suppose 0 = x - 6*x. Suppose x*i + i = 2. Let o be i/(-2) - (-5 - -6). Let v(f) = -f**3 - f**2 - 3*f - 3. What is v(o)?
7
Let v(s) = -s. Let j(u) = -7*u**2 - 9. Let x(b) = b**2 + b + 1. Let t(p) = -j(p) - 6*x(p). Let q(o) = t(o) - v(o). Determine q(6).
9
Let k(i) = 116*i - 17. Let h(z) = 23*z - 3. Let b(c) = 11*h(c) - 2*k(c). Let x(t) = -t + 5. Let m be x(6). Give b(m).
-20
Let z(d) = 6*d - 12. Let f be z(-5). Let j be (-7)/21*(0 + f). Let q = j - 9. Let n(o) = o**2 - 5*o + 3. What is n(q)?
3
Let a be (44/32 - (-4)/32)*2. Let o(i) = -4*i - i + i**a + 7*i - 3 - 5*i**2. Calculate o(5).
7
Let f be 1*(1 + (2 - -1)). Let s = -2 - f. Let d(u) be the second derivative of -u**4/12 - 5*u**3/6 + 5*u**2/2 + 1184*u. Calculate d(s).
-1
Suppose 2*y - 4*l = -2, 5*y + 3*l + 29 = -15. Let j(g) = g**2 + 10*g + 10. Calculate j(y).
-11
Let h(t) = -2*t - 2. Let u = -7 + 1. Let z be h(u). Let w be z/(1/1*-2). Let s(f) = f**3 + 5*f**2 + 3*f + 4. Determine s(w).
-11
Let r(h) be the second derivative of -h**4/12 + 5*h**3/6 - 4*h**2 - 16*h. Let o(b) be the first derivative of r(b). Calculate o(4).
-3
Let h(y) = -y - 3. Let w be h(-7). Let z(q) = 5*q**2 - w*q**2 + q**2 + 2*q + 1. Let c = 938 + -940. What is z(c)?
5
Let y(u) be the second derivative of u**3/6 - 5*u**2/2 - 5*u - 4. Calculate y(9).
4
Let s(k) = -k**3 + k**2 - k - 6 - 4*k - 7*k**2. Suppose 0 = 5*g - 2*g - 9. Suppose 4*u + 8 = 3*b, -8*u = -g*u + 5*b + 45. Determine s(u).
-6
Let t(h) be the third derivative of h**4/24 - h**3/2 + 4*h**2. Let r = -9 + 8. Let b(a) = a + 1. Let k be b(r). Give t(k).
-3
Let f(i) = -5*i**2 + 3*i - 1. Let q be (14 + -11)*(0 - -1). Suppose -q*n = -t - 7, t + 2*t = n + 3. Determine f(t).
-15
Let c(n) = -4*n - 91. Let x be c(-23). Let o(b) = 8*b**2 - b + 2. What is o(x)?
9
Let k(b) = -b**3 - 5*b**2 + 3*b - 8. Let d = 76 - 72. Suppose 2*q + 5*x + 10 = 23, -2*q + 8 = d*x. Determine k(q).
10
Let t(o) = -2*o + 9. Suppose -3*g - q + 5 = -4*g, 0 = -2*g - q - 25. Give t(g).
29
Let k(b) = b**3 - 7*b**2 + 7*b + 1. Suppose 4 + 31 = -5*a. Let o(i) = -7*i**2 - 2*i**2 + 3*i**2 + 5*i**2 - 1 - 8*i. Let u be o(a). Give k(u).
7
Let l(x) be the third derivative of x**6/120 - 7*x**5/15 + 29*x**4/24 - 43*x**3/6 + 3*x**2 + 193*x. What is l(27)?
11
Let d be (2/1)/(4/38). Let z = d + -21. Let s(b) = -5*b - 3. Let a(q) = -11*q - 7. Let w(x) = 4*a(x) - 9*s(x). Calculate w(z).
-3
Suppose 2*p = -0*p - 2*l + 12, -4*p - 2*l = -16. Let i be 3/1 + p*1. Let y(g) = -4*g + g + 5 + g**2 - 4*g. What is y(i)?
-5
Suppose 16 = 5*o - 3*k, -31*k + 20 = o - 26*k. Let j(x) be the second derivative of -x**3/6 + x**2 - x. Give j(o).
-3
Let b(q) = -135052*q**2 + 135051*q**2 - 2 - 1 - 8*q. Calculate b(-5).
12
Let c = -2 - -3. Let s(x) be the third derivative of 7*x**5/120 - x**4/24 - x**3/6 + 15*x**2. Let f(n) be the first derivative of s(n). What is f(c)?
6
Let u(g) = 4 - 5 + 16*g**3 + 4858*g - 4856*g. Let a = 2 + -1. Determine u(a).
17
Let x be ((-24)/(-15))/(4/(-30)). Let n = x - -21. Let d = n + -9. Let q(a) = -a**3 + a**2 - a + 5. Determine q(d).
5
Let b(a) be the first derivative of -a**3/3 + 4*a**2 + 11*a + 396. What is b(11)?
-22
Let h(q) be the second derivative of -q**5/20 - 5*q**4/12 + q**3/3 - 5*q**2/2 - 2*q + 380. What is h(-6)?
19
Let s(j) be the second derivative of 1/6*j**3 + j - 7/2*j**2 + 0. Suppose -540*m = -547*m + 42. Calculate s(m).
-1
Let l(z) be the second derivative of -z**4/12 + 4*z**3/3 + 9*z**2/2 - 56*z. Calculate l(9).
0
Suppose 0 = 6*o - 3*o - 12. Let g(n) = 4*n + 4*n + o*n - 3*n. Suppose 4*a - 7 = -3*k - a, 4*a = -3*k + 5. What is g(k)?
-9
Let w(p) = -2*p. Let z(v) = -11*v + 1. Let x(t) = 2*w(t) - z(t). Let m(q) = 7*q + 12. Let f be m(-2). Give x(f).
-15
Suppose -3*w = 6 - 42. Let o be 39/(-6) + w/8. Let i(z) = z**2 + 6*z + 5. Calculate i(o).
0
Let x(w) = w**3 - w**2 + 2*w - 2. Let n be x(2). Let h(q) = 3*q - n*q + 5*q + 6. Let l be h(-5). Let y(r) = r**2 + 2*r + 2. What is y(l)?
10
Let a(f) = -3. Let u(p) = p - 2. Let o(n) = -a(n) + 3*u(n). Suppose 0 = -2*l + 6*l - 12. Give o(l).
6
Let x be 14/6 + (-2)/6. Suppose 1 = x*m - 3. Let o(j) = -j + 1. Calculate o(m).
-1
Let f(j) = 6*j**2 + 25*j + 6. Let o(h) = -6*h**2 - 10*h - 6. Let c(z) = z**2 + z + 1. Let b(y) = 5*c(y) + o(y). Let k(r) = 11*b(r) + 2*f(r). Calculate k(2).
-5
Let v(k) be the second derivative of k**4/12 - k**3/2 - k**2 + 293*k. Determine v(2).
-4
Let u(z) = z**3 - 2*z**2 + z - 1. Let k be u(2). Let m(f) = 112*f**2 - 63*f - 63. Let y(p) = 7*p**2 - 4*p - 4. Let w(l) = 4*m(l) - 63*y(l). Determine w(k).
7
Let q be 5 + 0 + -5 + 0. Let k(r) = r**3 + r**2 + 29. Calculate k(q).
29
Let n(b) = -11*b + 51. Let w(h) = -31*h + 149. Let t(p) = 17*n(p) - 6*w(p). Calculate t(-9).
-18
Let d(y) be the third derivative of y**6/120 - y**5/6 - 5*y**4/12 - 2*y**3 - 8*y**2 + y. Calculate d(11).
-1
Let j(p) = p - 1 - 2*p + 4. Suppose -6*k + 12 = -0*k. Suppose 5*n + 15 = -k*v - 0*n, -v - 5 = 2*n. What is j(v)?
-2
Let v(u) = -10*u + 22*u + 2 - 6*u. Give v(2).
14
Suppose -230 + 657 = 5*r + 4*x, 0 = -r - 3*x + 81. Let b = r - 84. Let i(s) = -s**2 + 4*s + 1. Calculate i(b).
4
Suppose -206*u + 197*u + 27 = 0. Let t(y) = y**2 - 10*y + 9. Determine t(u).
-12
Let s(j) be the first derivative of 